ose -2*o - 62 = -2*z, 3*z - v*o = -8*o + 125. What are the prime factors of z?
5, 7
Let n = -100 + 60. Let c = n - -56. Suppose -d + 195 = 4*g, 5*d + c = 5*g - 259. What are the prime factors of g?
2, 5
Let u = 185390 + -110546. What are the prime factors of u?
2, 3, 7, 11
Let a be 1*(-132)/(0 - 4). Let t = a + -30. Suppose -6*x + 67 = -x + t*o, 4*x + 2*o - 54 = 0. List the prime factors of x.
2, 7
Suppose 3*h = 2 - 5, -h = 5*c + 1271. Let z be 3*(-1 + 2)*130/(-3). Let o = z - c. What are the prime factors of o?
2, 31
Let y(b) = -6284*b + 1075. What are the prime factors of y(-11)?
70199
Let r be (-20)/15 - (-24)/18. Let b be (r - -5)/(1/434). List the prime factors of ((-2)/(-2))/(b/(-362) - -6).
181
Suppose 0 = -46*x + 41*x + 200. Suppose -32*p + x*p = 2152. List the prime factors of p.
269
Suppose 4*k + 3 - 11 = 0. Let i be 4 + 58 + k/(-1). Suppose 5*d - 372 = -2*n, -d - 6*n + 2*n + i = 0. What are the prime factors of d?
2, 19
Let a = 713 + -415. Suppose -5*l + 5*n - 800 = 0, -5*n + 310 = -4*l - 331. Let d = l + a. What are the prime factors of d?
139
Let c(l) = 9*l - 426. List the prime factors of c(56).
2, 3, 13
Suppose 5*z - k - 23626 = 0, -4*z + 2*k - 837 = -19733. Suppose 11*d - z = 5889. List the prime factors of d.
5, 193
Suppose 4*j - 97 + 69 = 0. Let u(o) = 78*o**2 + 0*o + j*o + 3 - 11*o. What are the prime factors of u(1)?
7, 11
Let q = 8374 + -5360. List the prime factors of q.
2, 11, 137
Let y be 4 - -3 - (1 + -4). What are the prime factors of (1*-1232)/(-4) - 50/y?
3, 101
What are the prime factors of ((-988)/(-57) - 28)*(-7674)/4?
2, 1279
Let m(r) = 7142*r - 950. What are the prime factors of m(2)?
2, 59, 113
Let j be ((-10)/(-5))/(1/6). Let q be (j/(-66) - (-34)/66)*9. List the prime factors of q + 1 + (113 - 0).
3, 13
List the prime factors of (-11233)/(-5) - (-24)/(-15).
5, 449
Suppose -2*t - 3*d = -1, -2 + 8 = t - 4*d. Suppose -q + 4*r = -1065, -4*q = -0*q - t*r - 4190. What are the prime factors of q?
5, 11, 19
Suppose -t - 1886 = -2*u, 3*t - 15 = -21. Suppose p - 323 = -2*l - 8, -3*p + u = 3*l. What are the prime factors of p?
313
Let o(k) = -21 - 5 + 3*k + 3. Let n be o(11). List the prime factors of (1/n + 8/20)*48.
2, 3
Suppose -137*m + 550913 = -106*m + 121842. List the prime factors of m.
13841
Let x(g) = 2*g**2 + 11*g + 4. Let p(v) = -v**2 - 10*v - 6. Let j(u) = 5*p(u) + 4*x(u). Let a be 0 - 3/(9/(-21)). What are the prime factors of j(a)?
7, 13
Suppose -x + 5056 + 19485 = 170. List the prime factors of x.
24371
Let p = -107 - -122. List the prime factors of (p/45)/((-1)/(-201)).
67
Suppose 3*f - 22619 = -2*r + 3988, -26614 = -2*r + 4*f. What are the prime factors of r?
3, 5, 887
Let k be (1476/10)/((-48)/120). Let z = k + 492. What are the prime factors of z?
3, 41
Let a be (-29)/(-9) - 2/9. Suppose -a*u = -4*i - 195 - 155, 3*i = u - 115. Let b = u - 41. What are the prime factors of b?
7, 11
Suppose -19*z - 7*z + 16042 = 0. Suppose 0 = 7*v - 4978 + z. List the prime factors of v.
7, 89
Let g = 14 - -18. Let q(s) = 2*s**2 - 45. Let a be q(-6). Suppose -a*x = -g*x + 275. What are the prime factors of x?
5, 11
Let s be ((-3)/9)/(-2 + (-85)/(-45)). Suppose -2*f + s*f + 5*t = 410, t = 3. What are the prime factors of f?
5, 79
Let a(q) = -17*q - 284. Let n(k) = -4*k. Let i(c) = -a(c) + 4*n(c). List the prime factors of i(0).
2, 71
Let f = -3472 + 1651. Let s = 2830 + f. List the prime factors of s.
1009
Let n be (-50)/(-14) + 40/(-70). Suppose -2*w = -2*z - 632, n*w + 326 = 4*w + z. What are the prime factors of w?
3, 107
List the prime factors of ((-13870)/6 + 15/(-45))*-2.
2, 17
List the prime factors of (-26439534)/(-1287) - -2*(-9)/(-39).
2, 3, 107
Let n(c) be the second derivative of 9*c**5/10 + c**4/12 - c**3 + 3*c**2/2 - 38*c. List the prime factors of n(1).
2
Let f(n) be the second derivative of 11*n**4/4 + 2*n**3 - 29*n**2/2 + 37*n. What are the prime factors of f(4)?
547
Let q be -3*((-153)/27 + 1*5). Suppose 2*r + 2 = 3*r. Suppose 2 = q*k - 4, -r*k = -3*f + 144. List the prime factors of f.
2, 5
Let r = 2320 - -694. What are the prime factors of r?
2, 11, 137
Suppose -r + 19 = 5*y + 45, -4*r = -4*y - 16. List the prime factors of (-18)/2 - r - -1054.
2, 523
Suppose j - 1831 + 376 = 0. Suppose -5*u - 750 = -q, -2*q + j = -0*q + 5*u. What are the prime factors of q?
3, 5, 7
Let p(g) = g**2 - 2*g + 12480. List the prime factors of p(0).
2, 3, 5, 13
Let g be 3 - -3 - (-1 - -4). Let y be 3/((-9)/213)*g. Let m = -96 - y. List the prime factors of m.
3, 13
Suppose -4*i = -29*i + 12*i + 192790. List the prime factors of i.
2, 5, 1483
Let i = -87 + -8. Let p = 503 + i. List the prime factors of p.
2, 3, 17
Let y be (-6)/8 - 18/(-24). Suppose y*l - 2415 = -5*l. Let h = l + -333. What are the prime factors of h?
2, 3, 5
Let h = 84338 - 26690. What are the prime factors of h?
2, 3, 1201
Let b(d) = 3*d**2 + 2*d + 1. Let h be b(-2). Let l(j) be the first derivative of -3*j**2/2 + 30*j - 122. List the prime factors of l(h).
3
Let n = 1444 - -6833. What are the prime factors of n?
3, 31, 89
Suppose -39887 = 19*u - 174882. What are the prime factors of u?
5, 7, 29
Let y = 5839 + 491. Suppose 0 = 18*h - 28*h + y. What are the prime factors of h?
3, 211
Let n = 4963 - 3118. What are the prime factors of n?
3, 5, 41
What are the prime factors of (-208534)/(-8) + (-40)/(-100)*20/32?
3, 8689
Let l(q) = -29*q + 581. List the prime factors of l(-68).
3, 23, 37
Let z be 3/((-35)/40 - (-3)/(-24)). Let j(g) = -74*g - 51. List the prime factors of j(z).
3, 19
Suppose 0 = -8*d + 11*d - 3189. Suppose 5*h = -3*y - 55 + 1375, d = 4*h + y. List the prime factors of h.
3, 89
Let d(i) = -12*i - 35. Let n(k) = -k**3 + 9*k**2 - 6*k - 18. Let l be n(8). Let y(p) = 2*p**3 - 2*p**2 - 8*p - 7. Let r be y(l). List the prime factors of d(r).
5, 29
Let k(i) = 2272*i**2 + 217*i - 438. What are the prime factors of k(2)?
2, 3, 757
Let o(s) = -s**2 + 11*s + 17. Let c be (-2)/(-3)*((2 - 8) + 18). List the prime factors of o(c).
41
Let p be 2/9 - 44/198. What are the prime factors of 522 - (14 + -9)*(p + 1)?
11, 47
Let k(p) = 3*p**2 - 21 + 7 - 36 - 8*p - 2. List the prime factors of k(14).
2, 53
Let b(k) = 23*k. Let g be b(-3). Suppose 8*m = 456 + 784. Let s = m + g. List the prime factors of s.
2, 43
Suppose 0 - 12 = -2*c. Suppose o = c*o. Suppose -4*z + 2*k + 1048 + 112 = 0, -k - 4 = o. What are the prime factors of z?
2, 3
Let k(a) = a + 1. Let o(b) = -3*b + 41. Let j(u) = 2*k(u) - o(u). Let s = 1069 - 1051. What are the prime factors of j(s)?
3, 17
Let s = 74506 - 52824. List the prime factors of s.
2, 37, 293
Suppose -34*f + 419496 = 69*f - 19*f. List the prime factors of f.
2, 11, 227
Let y be ((-6)/(-15))/1 + (-144)/(-15). Suppose 0 = y*w + 5*w - 330. What are the prime factors of w?
2, 11
Suppose 3*c + 28 = 4*a - c, 0 = 3*c + 9. Suppose -a = 3*o - 5*o. Suppose 0 = -8*f + 4*f + 2*u + 326, -3*f = -o*u - 246. List the prime factors of f.
2, 5
Suppose 402*u - 414*u + 255792 = 0. List the prime factors of u.
2, 73
Let b(f) = -f**3 - 3*f**2 + 25*f - 1. Let v be b(-7). What are the prime factors of (6 - (-2320)/50)/(2/v)?
2, 131
Suppose -2*b - 8*b + 3970 = 0. Let g = -258 + b. Suppose 4*x = 3*y - g, 0*y - 185 = -5*y - 5*x. List the prime factors of y.
41
Let a = 1 + 5. Suppose -24 = 3*o - a*o. List the prime factors of 262*3/6 + -7 + o.
2, 3, 11
Suppose -3*s = -5*c + 5*c, -3*c = -3*s - 185391. List the prime factors of c.
3, 20599
Let c(p) = 29600*p**3 - 20*p**2 + 23*p - 3. What are the prime factors of c(1)?
2, 5, 37
Let c(h) = -19*h + 19*h + 9*h**2 - h**3 + 15 + 17. What are the prime factors of c(8)?
2, 3
Let g = 33 + -31. Suppose -5*o - g*j = 772, -2*j + 476 = 4*o - 7*o. Let k = o - -319. What are the prime factors of k?
163
Let l = 23720 - 16873. What are the prime factors of l?
41, 167
Let b = 43 + -41. Suppose 5*u + 5*h + 11 = 1, 0 = u + 3*h + b. What are the prime factors of (-375)/(-10)*(-4)/u?
3, 5
Suppose -518 = -3*n - 2*c + 251, 4*n + 2*c = 1024. Let x = n - 250. What are the prime factors of x?
5
What are the prime factors of -7 + -1 - (119706 + -6)/(-10)?
2, 5981
Let y = 388 + -215. Suppose 37 = -i + y. What are the prime factors of i?
2, 17
Let j(w) = -4*w**3 - 60*w**2 + 23*w - 43. Let r be j(-18). What are the prime factors of 10/6 